+ 81 - (-18 - -88)
-47
Calculate -98 + 105 - (-20 - -70).
-43
((6 - 4) + 3 + -1 - -7) + -170 + 195
36
(5 - (12 + -7)) + (1 + 0 - 47)
-46
What is 5 + (12 - (-10 + (10 - -15))) - (120 - 7)?
-111
Evaluate (-1 - (-16 + 33 - 6)) + 20.
8
Evaluate 160 + (14 - (138 - -10)).
26
Evaluate (1460 - 1524) + (2 - -8).
-54
-3 - -24 - (7 + -58 - 7)
79
22 + (42 + (-82 - -41) - 43)
-20
What is the value of -18 - 1 - (233 + (343 - 624))?
29
What is (-18 - -2 - 0) + 101 + 21 + -23?
83
Evaluate 2232 + -2292 - (0 + -155).
95
Calculate (-16 - -2) + 0 + -437 + 448.
-3
What is -2 - (8 + (1 + 14 - (-269 + 218)))?
-76
Evaluate -4 + (11 - ((25 - 4) + -11)).
-3
What is (0 - -11) + -11 - (-2 + 11) - 20?
-29
Calculate -1 + 0 + 1 - -1 - (-19 + -46 + 82).
-16
Evaluate (-46 - (76 + -82)) + -12.
-52
What is 9 - (0 + 1) - (-106 - -232 - 126) - 72?
-64
Calculate -7 + (-100 + 103 - (-5 + (2 - 4))).
3
Evaluate (-6 - (8 + -13 - 11) - (-5 + 18)) + 27.
24
Calculate (-5 + 10 + 10 - 38) + -63.
-86
What is -49 - (20 - 59) - 31?
-41
-2 + (-6 - (-17 + 18 + -10))
1
What is the value of 17 - (54 - ((-5 - (4 + -17)) + -26))?
-55
Evaluate 65 - ((70 - -40) + -9).
-36
(37 + 3 + -33 - 98) + -6
-97
What is -15 + (21 - -9) - -65?
80
Evaluate -7 + 29 + -11 + (-37 - -21) + (-30 - 2).
-37
-25 + 43 + (1 - 3) - (41 - 92 - -54)
13
60 + -4 - (69 - 45 - 7)
39
Calculate -289 + 245 + (-1 + -1 - (-68 - -53)).
-31
What is the value of (4 - ((0 - -1) + 2)) + (357 - 367)?
-9
What is the value of (2 - (2 - 0)) + 33 - (155 + -207 + 46)?
39
Calculate 0 + 5 + -3 + (-248 - -260).
14
(-1 - -22) + (-94 - 30 - -58)
-45
95 - (-14 - -56) - 58
-5
What is 1 + -1 + (-2 - 9) - (-39 + 491 + -458)?
-5
Evaluate (92 + -25 - 19) + (-7 - 0).
41
Evaluate 0 + -4 + 4 + 7 - (53 - 14).
-32
-3 + -1 + 26 + -34 + 2
-10
Calculate 17 + 18 + (-1 + -2 - (37 - 37)).
32
What is -74 - (-114 + 155 + -111)?
-4
Calculate (-18 - (3 - -7) - -17) + 49 + 1.
39
What is the value of 0 + 4 - -64 - (-14 + (-7 - (-4 + -15)))?
70
Calculate 1 - 46 - (-932 + 822).
65
(8 - 1) + (-46 - (-1 + 36 - (241 - 225)))
-58
Evaluate 2 + 41 + (-177 - (-319 + 175)).
10
Calculate 43 + -30 + (2 - 80) - (-10 - (3 + -3)).
-55
Calculate -9 + 16 - ((-420 - -430) + (23 - 1)).
-25
1 + (14 - 0) + (-1 - 13) + (-78 - -183)
106
Evaluate -46 + (43 - 9) - (59 + 1).
-72
92 + 0 - (61 - 5)
36
What is -36 + (-42 - -138) - (2 - (2 - 16))?
44
Evaluate -29 - (74 + -212 + 109).
0
Calculate (49 - 212) + 60 - -53.
-50
What is the value of -9 - (23 - (3 - -79) - (12 - -9))?
71
Evaluate 23 + (23 + -44 + 31 - 15).
18
What is the value of -12 + (-36 - -52) - (17 - -1)?
-14
Evaluate (-143 - (31 + -71 - -12)) + 4.
-111
What is the value of 20 + -6 - (171 - 37 - 56)?
-64
What is the value of (-5 - 0 - -2) + (-185 - -185)?
-3
Evaluate 7 - (5 - -6 - (18 + (-28 - -14))).
0
Calculate (133 - (-19 - (-25 - -50))) + -25.
152
Evaluate -6 + 29 + -89 + (5 - 13).
-74
What is the value of -6 + (6 + 10 - -5) + -33 - -92?
74
What is the value of -28 + -23 - -28 - (21 - 10 - 55)?
21
What is -6 - (-1 + (-91 - -45))?
41
What is the value of (-14 - (-18 + -25)) + -73?
-44
What is (18 - (5 + (-1 - -13))) + (-24 - -4)?
-19
-16 + -2 + 13 + -87 - (-16 - (-7 + 3))
-80
What is (388 - 379) + (-3 - 5)?
1
Calculate (70 - -2) + (-23 - -11).
60
Calculate (-38 - (2 - (6 - 5))) + (-140 - -128).
-51
What is 30 - -5 - (6 + 80 + 8)?
-59
15 - (-6 + 6 - (2 + -24)) - (0 + 58)
-65
What is 22 + (-14 - 1) + 11 + 5 + -1?
22
What is the value of 3 + -2 + -113 + (10 - -8) + -35?
-129
Evaluate 3 - 2 - 16 - (-31 - -53).
-37
-4 + (-1 - 9) + 70 + 25 + -34
47
What is 7 + -2 - (2 + -13 - (27 - 60))?
-17
What is (-8 - (-1 - -18)) + -27 + 5?
-47
What is the value of (31 - 19) + (3 - (-8 - 4 - -10))?
17
What is 1 + 103 + -16 + 23 + 26 + -15?
122
Calculate -21 - (6 + -9 + (3 - 22)).
1
What is the value of 0 + (1 - -1) + (-4 - -12) - (-14 + 127)?
-103
What is the value of 90 + (-79 - -33) + -38?
6
What is 3 + (0 - (-1 + 1)) + 63 + -28 + -33?
5
124 + 155 + (104 - 443)
-60
53 - (5 + (-209 + 201 - (0 - 0 - 6)))
50
Evaluate (1 - 56) + -1 + 50 + -31 + -29.
-66
Calculate 10 + -13 + 25 + -16 - (-75 + -8 - -1).
88
Calculate 66 - (36 + -26 + -8).
64
What is the value of 68 - (-34 + 73 + -36 + -4)?
69
What is the value of (-111 - 1) + 7440 + -7277?
51
What is -374 + 453 - (0 + 12)?
67
Evaluate -15 + (-13 - (14 + (-31 - -12))).
-23
What is the value of (15 - (8 - 3)) + -20 + (5 - (1 + 64))?
-70
What is the value of (-14 - -79) + 7 - 50?
22
-50 + (44 - 1) + -1562 + 1529
-40
What is (32 + 52 - 82) + (-19 - 0) - (-11 + -3)?
-3
(1 - 46) + -104 + 77 + 35 + (1 - 16)
-52
What is -4 + 3 + -21 + ((-2 - -13) + -4 - 16)?
-31
What is 9 + 3 + (53 + 2 - (-96 - -113))?
50
1 + (28 + (13 - 21) - 27) + -23
-29
Calculate (-16 - 42) + (143 - 198).
-113
Calculate -1 - 21 - (-34 + (-2 - -9)).
5
Evaluate (7 + 43 - 72) + 20.
-2
What is the value of 3 - ((0 - (-8 - (2 - 3))) + 46 + -55)?
5
2 - 58 - (-45 + 3 + 58)
-72
Evaluate -90 - 14 - (253 - 312).
-45
Calculate 1 + 29 - (331 + -342) - -25.
66
What is the value of (-17 - -14) + (12 - 5) + -35?
-31
0 + 9 + -20 + (-41 - -9)
-43
-20 + 6 + 10 + -12
-16
Calculate (1 - 4 - (83 + -81)) + 26 + 9.
30
Calculate 7 + 1 - (-20 + 0 - -45 - 40).
23
Calculate -14 - (8 + 39) - (-15 - ((-15 - 13) + 10)).
-64
-3 - (-3 + -4) - (-22 - (12 + 5 - 29))
14
Evaluate -96 + 31 + 1 + (56 - (133 + -59)).
-82
-58 + 30 + 56 - (0 + (3 - (-2 + 7)))
30
Calculate 3 + -12 - (-7 + 8) - (8 + -6 + 2).
-14
Evaluate (-2 + 1 - (1 + 3)) + (6 - (-7 - -17)).
-9
6 - 4 - (-548 - -570)
-20
-3 - -24 - 24 - 16 - 11
-30
What is -7 + (-50 + 20 - -33 - (36 + 1))?
-41
What is the value of -47 - (-57 - -13) - (9 - 0) - 10?
-22
What is -103 - (-61 - (29 - -65))?
52
What is -2 + 47 + (16 - 14 - (2 - (-2 + 11)))?
54
(-12 - 9) + 50 + -22 - (1 - -4) - -15
17
Evaluate -26 + 45 - (-7 + 6).
20
-15 + (30 - 12) + -19 + -27
-43
What is the value of 1 - (-47 + 4) - (-12 + (4 - -15))?
37
Evaluate 18 - -3 - (107 - (-125 - -250)).
39
Evaluate 14 + -175 + (227 - 189).
-123
What is -12 - (3 + 44 - 45)?
-14
What is 1 + 125 - (-1 + (11 - (-6 + 24 + -13)))?
121
What is -44 + -9 - (-119 - -122)?
-56
Calculate (39 - 55) + (3 - -28) + 1.
16
What is 1 + 22 - (-48 - (-10 + -7))?
54
Calculate (-39 - 208 - -192) + -1 + -22.
-78
Calculate -3 - (-33 + -6 + 22) - -18.
32
(-9 - 1) + 17 + 31 + -34 + 6
10
Calculate -35 + (25 - 26 - 10 - -36 - 3).
-13
Evaluate -3 + (14 - 1 - ((6 - -8) + 28)).
-32
Evaluate 1 + 16 + -17 + 13 - (-12 - (1 - 3)).
23
What is the value of 5 + -43 + 4 - ((-10 - -9 - 5) + 9)?
-37
Evaluate (-3 - -2) + (127 - 3) + (83 - (103 + -36)).
139
-5 - (-3 + 0 - (-31 + 23 + 2))
-8
What is (-92 - 1) + (64 - 63) + (-11 - -2) + 19?
-82
Evaluate (3633 - 3692) + 0 + 35.
-24
Evaluate -8 + -21 + 40 + (1 + 3 - 1).
14
(-154 - (-29 - 126)) + (5 + -4 - (1 - -94))
-93
What is the value of (-262 - (-106 + -162)) + -19 + -1 + 0?
-14
Evaluate (-45 + 16 - -6) + (7 + -4 - -3) + -4.
-21
What is the value of 60 - (111 - 53) - (-3 + (19 - 0))?
-14
(45 + -20 + -14 - 5 - -1) + 14
21
57 + 0 - (3664 + -3637)
30
-40 + -2 - -3 - (-13 + -63 - -65)
-28
Evaluate (23 - (-19 - -67)) + -3 - 18.
-46
What is the value of 2 + 11 - (15 + (18 - 11) + -17) - 84?
-76
Calculate -205 + 253 - 5 - (162 + 1).
-120
Calculate 0 + (19 - -1) + (-47 - -31 - -17).
21
What is (-141 - 86) + 72 - -80?
-75
What is -7 - (-16 - (-11 + 5) - (-54 + (3 - 3)))?
-51
7 + (-11 - -1) + -63 + 115 + -34
15
What is the value of (5 + -7 - 2) + 0 + (0 + -2 - -7)?
1
What is the value of 2559 + -2556 - (4 + -3)?
2
Calculate -22 + 13 + 18 + (102 + 4 - (4 - 2)).
113
Evaluate (948 - 956) + 41 + 3.
36
Evaluate -42 + (1 - (14 + -5 - 5) - (-36 - -28)).
-37
Calculate -32 - (-48 - (-61 - -28)).
-17
Calculate (13 - (16 + -18)) + -29 - 12.
-26
23 - 68 - -3 - -23
-19
Evaluate -32 + 1 + 13 + 21 + -47 + 6 + 2.
-36
Evaluate (-28 - (42 + 36)) + 76.
-30
Calculate (95 - 28 - (-3 - 2)) + -11 + (16 - 11).
66
What is 10 - ((-127 - -2 - (3 - 2)) + 67 + -73)?
142
Evaluate (-10 - -3) + (-20 - -63 - (-9 - 8)).
53
What is 36 + -58 - -21 - 29?
-30
What is the value of (37 - (34 - -100)) + 47?
-50
Evaluate -60 + 32 + 47 - 30.
-11
What is the value of -1 - 29 - (-1722 + 1654)?
38
What is the value of 14 + -15 + (0 - (-1 - 1)) + -30 + 79?
50
What is (1 - (-2 - 42)) + (1 - 14) + 640 + -635?
37
24 + -2 + (14 - (-3